q, -14 = -2*q + 4*v. Suppose -8 = 4*x - 0*x, -5*x = 3*s + 10. Let a(d) = -1 + s*d**2 + 3*d**2 - 2*d**2. Calculate a(q).
8
Let v(j) = 2*j**3 - 19*j**2 + 9*j + 3. Let l be v(9). Let r(z) be the second derivative of -3*z + 0 + 0*z**2 + 1/3*z**l. Give r(2).
4
Let f(s) = s - 2*s - 4*s + 4*s. What is f(6)?
-6
Let j(w) be the first derivative of w**4/12 - w**3/3 + 3*w**2/2 - 4*w - 8. Let i(g) be the first derivative of j(g). Calculate i(3).
6
Let a be 0/1 + (-1 - -5). Let f(y) = -y**2 + 2*y + 5. Let x be f(a). Let c(t) = t**3 + 3*t**2 + 2*t + 2. What is c(x)?
-4
Let y(q) = -5*q**3 + 14*q**2 - 13. Let f(s) = -4*s**3 + 13*s**2 + s - 12. Let o(k) = -6*f(k) + 5*y(k). Determine o(-7).
0
Suppose -3*u + 6 = 2*y + 2*y, -3*y = 4*u - 8. Suppose 0 = -3*q - 9, 3*f + u*f - q + 12 = 0. Let k(b) = -3*b - 1. What is k(f)?
8
Let a(r) = -r**3 + 2*r**2 - 2*r - 2. Let y be -3*((-4)/3 - -2). Let v(b) = -b**3 - b**2 - 2. Let p be v(y). Give a(p).
-6
Suppose -5*l + 21 = 31. Let b(d) = -2*d**3 - 2*d**2 + d. Determine b(l).
6
Let z(w) = 5*w**2 + 8*w + 2. Let c(a) = a**2 + a. Let m = -6 - -2. Let b(g) = m*c(g) + z(g). What is b(-2)?
-2
Let w(g) = 11*g + 5. Let b(u) = 3*u + 6. Let s(a) = -2*a - 7. Let f(m) = -4*b(m) - 3*s(m). Let q(d) = 5*f(d) + 3*w(d). Let j = -1 - -2. Give q(j).
3
Let h(s) = s**2 + 2*s + 2. Let t = 37 - 26. Suppose q - 1 = -v - 0*q, -v - t = -2*q. Calculate h(v).
5
Suppose -2*w - 6 = -5*w. Suppose 0 = -4*r + 2*s - 7*s + 11, -5*r - s + 19 = 0. Let i(g) = 0*g - g**w + 1 + 0 + 3*g - r*g - g**3. Give i(0).
1
Let j(n) = n - 1. Let x be j(11). Let s(a) = 2*a - 15. Let g be s(x). Let v(m) = -m**3 + 6*m**2 - 5*m - 5. What is v(g)?
-5
Suppose -i + 2*i - 1 = 0. Let k = -5 - i. Let v be 8/10*15/k. Let z(b) = 2*b**2 + b. Calculate z(v).
6
Let h(d) be the third derivative of d**6/120 - d**5/15 - d**3/6 - 4*d**2. Let m(z) = -z - 6. Let t be m(-8). Suppose -22 = -5*f - t. Give h(f).
-1
Let o = -100/3 + 34. Let v(r) be the second derivative of 1/2*r**2 + 0 + 2*r - 1/12*r**4 + o*r**3. What is v(5)?
-4
Let l(c) = 9*c + 3. Let w(n) = -5*n - 2. Let d(s) = 6*l(s) + 11*w(s). Give d(-3).
-1
Suppose 4*b + 35 + 17 = 0. Let u = b + 15. Let s(q) = q**2 - q. What is s(u)?
2
Let n(l) = -2*l + 17. Let v be n(6). Let g(x) = -2*x + 7. What is g(v)?
-3
Let h(c) = -c + 5. Suppose -5*b = -10 - 40. Let x = b + -10. Determine h(x).
5
Let j(t) be the third derivative of t**6/120 - t**5/12 - t**4/4 - t**2. Suppose -10 = -3*p + 8. Let b be j(p). Let r(q) = q**2 - q - 1. Determine r(b).
-1
Let m(z) be the third derivative of -z**5/60 - 7*z**4/24 - 6*z**2. Give m(-6).
6
Let r(y) = -y + 1. Let s(z) = z**2 - z - 2. Let w(h) = 3*r(h) + s(h). Calculate w(4).
1
Let l be (2 - 1)/(2/2). Let i(b) = -1 - l + b + 3 + 3. Determine i(-2).
2
Let f = 14 + -19. Suppose -10 = -5*a - 0*a. Let r(i) = a + 0*i**3 + i**3 + 0*i + 4*i + 6*i**2 - 3. Give r(f).
4
Let w(b) = 1 + b - b**2 - 2*b**3 + 2*b**2 + 4*b**3 - 3*b**3. Give w(-1).
2
Let f(j) = j**2 - 3*j - 10. Let y be f(5). Let t(c) = 2 - 3 + c + y + 0. What is t(-5)?
-6
Let g be 1/2 - 3/(-6). Suppose -w + 4 = -g. Suppose -5*y = 3*q, -3*q - 4*y = -w*y - 18. Let a(l) = l**3 - 4*l**2 - 6*l + 6. Determine a(q).
1
Suppose -s = 4*s + 5. Let k = s - -2. Let x(w) be the second derivative of w**3/3 + w**2/2 - 5*w. Give x(k).
3
Let q(w) be the second derivative of -w**3/6 + 3*w**2 + 8*w. Give q(4).
2
Let i(q) be the third derivative of q**4/24 - q**3/6 + 7*q**2. Determine i(4).
3
Let i(z) = -1 + 2 + 6 - z - 4. Calculate i(0).
3
Suppose 0*h = 4*h - 12. Let n(b) = 3*b**2 - 3*b + 17. Let s be 4*1 + -2 + 1. Let m(a) = -a**2 + a - 6. Let q(c) = s*n(c) + 8*m(c). Calculate q(h).
9
Let w(u) = u**3 + 3*u**2 - 2*u + 1. Suppose 0 = -h - 0*h - 1, -3*h = 4*d + 15. Calculate w(d).
7
Let i(q) = -5*q**3 + 4*q**2 - q. Let w(a) = -4*a**3 + 3*a**2 - a. Let o(n) = -3*i(n) + 4*w(n). Suppose l - 2*l = -4. Suppose -t = j, l*t = 3*t. Calculate o(j).
0
Suppose 4*v - 24 = 4*c, 4*c + 0 = -3*v - 3. Let r(t) = t**2 + 3*t. Give r(c).
0
Let g be 0 - ((-6)/3 + -1). Suppose 1 - 7 = -g*j. Let r(l) = -2*l**j + l**2 + 1 + l + 2*l. Calculate r(4).
-3
Let n(v) = -v**2 - 5*v + 5. Let a be -2*1/8*-28. Let b be a*(-7)/(49/6). What is n(b)?
-1
Let n(m) = -5*m + 3. Let i = -14 + 19. Suppose 2*j = 2*k - j + i, -5*j + 25 = 5*k. Calculate n(k).
-7
Let k(q) = -6*q**3 - 2*q**2 - 4*q + 5. Let z(p) = 19*p**3 + 6*p**2 + 11*p - 14. Let j(x) = -11*k(x) - 4*z(x). Calculate j(1).
-11
Suppose -k + 5*r = 15, 0*k + 3*r - 9 = 4*k. Suppose 0*x - 5*x + 10 = k. Let n(i) = i**3 - x*i**3 - 4 + i - 3. Determine n(0).
-7
Let g(k) = k**2 - 5*k - 3. Suppose -4*j = -36 + 8. Let s = -10 + j. Let n be 1/(((-9)/15)/s). What is g(n)?
-3
Let d(s) = -2 + 10*s**2 - 3 + 4. Let q = -6 - -7. Give d(q).
9
Let p = -14 + 16. Let g(y) = -2*y**2 + 2*y - 2. Determine g(p).
-6
Let d(y) = y**3 - y - 1. Let h(v) = 4*v**2 + 2*v + 1. Let z be (-12)/(-8) + (-2)/(-4). Let x be h(z). Let c be (-4)/(-14) + 36/x. Give d(c).
5
Let f be ((-15)/60)/((-2)/(-8)). Let j(v) = 3*v**3 - 2*v**2 - v. Give j(f).
-4
Suppose 0*i + 10 = i + 2*s, -5*i - s + 5 = 0. Suppose -4*n + 3 + 1 = i. Let f(a) = -2*a + 1 - n. Calculate f(-2).
4
Suppose 3*h + 1 + 2 = 0. Let a(j) = -35*j**3 - 6*j**2 + 16*j + 11. Let b(n) = -7*n**3 - n**2 + 3*n + 2. Let c(r) = -2*a(r) + 11*b(r). What is c(h)?
7
Let i(h) = 9*h**3 + 0*h**3 - 4*h**3 - 6*h**2 - 4*h**3. Calculate i(6).
0
Let y(r) = r - 19. Let p(k) = k - 10. Let o(s) = -5*p(s) + 3*y(s). Calculate o(-6).
5
Let r(t) = 15*t + 1. Let f be r(2). Suppose 5*o - f = 4*x, x - o = 4*o - 19. Let p = x + 2. Let y(z) = -z**2 + 1. Give y(p).
-3
Let k(i) be the first derivative of -2*i**3/3 - 2*i**2 - 3*i - 1. Let h = -13 - -11. Let n be h - 0/(1/(-1)). Determine k(n).
-3
Let f(q) = 2*q**2 - 5*q - 6. Let u(m) = -m**2 + 6*m + 7. Let l(a) = -6*f(a) - 5*u(a). What is l(-1)?
-6
Let h(q) = q**2 - 8*q - 11. Let c be h(9). Let f(r) be the second derivative of r**5/20 + r**4/3 - r**3/3 - r**2 - r. Determine f(c).
10
Let y = 5 - 3. Suppose 6 = g - y*g. Let r(d) = d + 10. What is r(g)?
4
Let t(s) = -1 + s - 2*s - 1. Determine t(3).
-5
Let y = 10 - 6. Let l(q) = -6 - 8*q + 7*q**2 - 4*q**2 - y*q**2. Determine l(-6).
6
Let s(v) = -v**2 - 16*v + 33. Let h be s(-18). Let q(z) = -6*z - 5. Let w(k) = 3*k + 3. Let r(t) = 4*q(t) + 7*w(t). Give r(h).
10
Let r(t) = 11*t - 6. Let b be r(1). Let h(v) = -v**3 + 5*v**2 + 2*v - 3. Give h(b).
7
Let k(v) be the third derivative of -7*v**6/120 + v**5/30 - v**4/24 + 29*v**2. Calculate k(1).
-6
Let t be -3*1 - (0 - -1). Let d(f) = 2*f + 5. Let z be d(t). Let k(i) = -i**3 - 4*i**2 - 3*i. What is k(z)?
0
Let z(t) = t**3 - t**2 - 2*t - 1. Let p(a) = -9*a**3 + 2*a**2 - 10 - a + 10*a**3 + 6*a**2. Let v be p(-8). Let b = v - -1. Determine z(b).
-1
Let x(o) = o**2 - 1. Let c(z) = 3*z**2 + 3*z - 6. Let t(i) = -10*i**2 - 8*i + 19. Let v(d) = 11*c(d) + 4*t(d). Let b(f) = v(f) + 6*x(f). Give b(-3).
-8
Let b(f) be the second derivative of -1/12*f**4 + 0 + 2/3*f**3 - 3/2*f**2 - f. Give b(3).
0
Let q(w) = w + 4. Let f be (-4 - (0 + 0))*-1. Suppose -p = -0*p - f. Give q(p).
8
Let g(n) = n**2 + 2*n - 4. Let p be g(2). Let y(w) be the third derivative of w**5/60 - w**4/4 - w**3/6 - w**2. Calculate y(p).
-9
Let n be 1*(2 - 4) - -2. Suppose -2*b + n*b + 8 = 0. Let p(a) be the first derivative of -a**3/3 + 3*a**2 - 4*a - 5. Determine p(b).
4
Suppose 0 = 5*w - 9 - 6. Let x be (0 + 2)/2*w. Let t(h) = -h + 4. What is t(x)?
1
Let r(o) be the first derivative of 5*o**2/2 + 16. Give r(-1).
-5
Suppose 5*b + 20 = b, 4*b + 38 = 2*y. Let v(u) = u**2 - 2*u - u + 6 + y*u. Suppose -5*w + 4 = -6*w. What is v(w)?
-2
Let h(t) = -3*t - 6. Let x(w) = -w**2 + 13*w + 10. Let m be x(14). Calculate h(m).
6
Let u(m) = -11*m. Suppose 5*d - 10 = -a, -3*a - d + 14 = -2*d. Let i(y) be the first derivative of -y**2/2 + 4*y + 3. Let v be i(a). Calculate u(v).
11
Suppose -2*o - 13 + 0 = -5*g, -4*o = -2*g + 18. Let b(l) = -l + 2. Calculate b(o).
6
Let y(h) be the first derivative of h**3/3 - 7*h**2/2 - 4*h - 1. Let f(n) = -2*n + 29. Let d be f(11). Calculate y(d).
-4
Suppose 0 = -q - 0*q. Suppose -3*a - 11 = -u + 13, 3*a - 5*u + 36 = q. Let t(f) = -f**3 - 6*f**2 + 8*f + 2. Calculate t(a).
-5
Let f(u) be the second derivative of -u**3/6 + 7*u**2/2 - 2*u. Give f(0).
7
Let d(g) be the third derivati